re the prime factors of 20931789?
3, 31, 173, 1301
What are the prime factors of 1210539632?
2, 61, 1240307
What are the prime factors of 841452591?
3, 7, 40069171
What are the prime factors of 12563081?
73, 172097
What are the prime factors of 6333076?
2, 53, 29873
List the prime factors of 156983406.
2, 3, 17, 1539053
What are the prime factors of 1261047913?
17, 74179289
List the prime factors of 1274980369.
13, 31, 3163723
What are the prime factors of 1437219667?
13, 103, 1073353
List the prime factors of 3511741619.
89, 101, 390671
List the prime factors of 992826921.
3, 4987, 66361
List the prime factors of 750796425.
3, 5, 1112291
What are the prime factors of 117341761?
117341761
What are the prime factors of 80792613?
3, 11, 272029
What are the prime factors of 67988434?
2, 127, 267671
What are the prime factors of 144303185?
5, 13, 170773
List the prime factors of 784313581.
17, 47, 101, 9719
List the prime factors of 33526657.
33526657
List the prime factors of 420051339.
3, 373, 13903
What are the prime factors of 3016920661?
239, 3221, 3919
List the prime factors of 27823922.
2, 7, 127, 15649
What are the prime factors of 890054464?
2, 13, 1069777
What are the prime factors of 48644215?
5, 9728843
What are the prime factors of 2793705349?
101, 2089, 13241
List the prime factors of 10927653.
3, 11, 331141
List the prime factors of 54950217.
3, 7, 37, 10103
List the prime factors of 333947813.
17, 19643989
What are the prime factors of 3896393?
97, 40169
List the prime factors of 671042316.
2, 3, 7, 7988599
What are the prime factors of 114228849?
3, 7, 97, 8011
List the prime factors of 2936239376.
2, 7, 26216423
What are the prime factors of 19820195?
5, 29, 136691
What are the prime factors of 3434707?
31, 101, 1097
What are the prime factors of 13258525?
5, 7, 239, 317
What are the prime factors of 39523522?
2, 23, 47, 101, 181
List the prime factors of 249555435.
3, 5, 151, 239, 461
List the prime factors of 35651459.
35651459
List the prime factors of 5384368305.
3, 5, 6961, 17189
List the prime factors of 61078251.
3, 13, 271, 5779
What are the prime factors of 1122671512?
2, 41, 1237, 2767
What are the prime factors of 2161939087?
7, 11, 28077131
What are the prime factors of 84656377?
13, 311, 20939
What are the prime factors of 94512160?
2, 5, 29, 20369
What are the prime factors of 168114906?
2, 3, 3113239
List the prime factors of 81695110.
2, 5, 7, 67, 17419
What are the prime factors of 5412669?
3, 521, 3463
What are the prime factors of 3568826555?
5, 7, 73, 383, 521
What are the prime factors of 44930868?
2, 3, 23, 173, 941
List the prime factors of 69518987.
53, 463, 2833
List the prime factors of 2024302180.
2, 5, 19, 5327111
What are the prime factors of 563529454?
2, 97, 2904791
What are the prime factors of 63207039?
3, 7, 3009859
List the prime factors of 467873622.
2, 3, 25992979
What are the prime factors of 673864186?
2, 336932093
List the prime factors of 8027404469.
7, 67, 151, 16193
List the prime factors of 455144900.
2, 5, 7, 163, 3989
What are the prime factors of 51996412?
2, 13, 999931
What are the prime factors of 21626272?
2, 137, 4933
List the prime factors of 704057981.
11, 229, 25409
List the prime factors of 72767596.
2, 11, 307, 5387
What are the prime factors of 2187492116?
2, 19, 28782791
What are the prime factors of 251302830?
2, 3, 5, 23, 59, 6173
List the prime factors of 79358513.
13, 47, 97, 103
List the prime factors of 4441126670.
2, 5, 444112667
What are the prime factors of 7075104810?
2, 3, 5, 653, 361159
List the prime factors of 118350278.
2, 19, 1049, 2969
List the prime factors of 715397932.
2, 8209, 21787
List the prime factors of 151506058.
2, 11, 6886639
What are the prime factors of 1630940253?
3, 3511, 154841
List the prime factors of 4058234537.
7, 82821113
What are the prime factors of 29644305?
3, 5, 503, 3929
List the prime factors of 370473668.
2, 151, 613367
What are the prime factors of 442394835?
3, 5, 3541, 8329
List the prime factors of 43132273.
43132273
List the prime factors of 222317219.
29, 2383, 3217
List the prime factors of 30193385.
5, 6038677
List the prime factors of 59352538.
2, 7, 31, 163, 839
What are the prime factors of 1784810609?
1784810609
What are the prime factors of 2329177674?
2, 3, 388196279
List the prime factors of 753497444.
2, 7, 227, 118549
What are the prime factors of 395126528?
2, 1543463
List the prime factors of 50414654.
2, 181, 139267
List the prime factors of 255426287.
29, 8807803
What are the prime factors of 13334875?
5, 107, 997
What are the prime factors of 39762965?
5, 11, 722963
List the prime factors of 491552858.
2, 17, 173, 193, 433
What are the prime factors of 45046369?
45046369
What are the prime factors of 5549297?
13, 37, 83, 139
List the prime factors of 466858606.
2, 233429303
List the prime factors of 252050823.
3, 17, 73, 22567
List the prime factors of 884477026.
2, 11173, 39581
What are the prime factors of 506041175?
5, 193, 104879
List the prime factors of 324238285.
5, 7, 9263951
List the prime factors of 88668576.
2, 3, 37, 53, 157
List the prime factors of 911601344.
2, 97, 146843
What are the prime factors of 44079521?
17, 2592913
What are the prime factors of 318573246?
2, 3, 53095541
List the prime factors of 445697445.
3, 5, 29713163
What are the prime factors of 1196315789?
17, 4139501
What are the prime factors of 1492838241?
3, 497612747
List the prime factors of 36685759.
11, 23, 37, 3919
List the prime factors of 240633112.
2, 73, 631, 653
What are the prime factors of 220957625?
5, 7, 67, 3769
List the prime factors of 1156539312.
2, 3, 8031523
What are the prime factors of 2295641973?
3, 1693, 451987
What are the prime factors of 121654193?
17, 233, 30713
List the prime factors of 432439646.
2, 31, 37, 131, 1439
What are the prime factors of 2283356689?
2283356689
List the prime factors of 3448250697.
3, 79, 911, 15971
List the prime factors of 65767373.
7, 17, 23, 24029
List the prime factors of 1366073284.
2, 17, 61, 329333
What are the prime factors of 833825040?
2, 3, 5, 43, 1879
List the prime factors of 61558652.
2, 53, 139, 2089
List the prime factors of 141164438.
2, 70582219
What are the prime factors of 133466789?
191, 698779
List the prime factors of 595050.
2, 3, 5, 3967
What are the prime factors of 139616950?
2, 5, 11, 97, 2617
List the prime factors of 1328422548.
2, 3, 107, 1034597
What are the prime factors of 2190242951?
13, 29, 5809663
List the prime factors of 28561098.
2, 3, 4760183
List the prime factors of 21070708.
2, 173, 30449
What are the prime factors of 53649052?
2, 337, 39799
What are the prime factors of 149551463?
29, 43, 119929
List the prime factors of 62853053.
47, 1337299
What are the prime factors of 1690056353?
23, 73480711
List the prime factors of 100073847.
3, 83, 401903
List the prime factors of 116532907.
569, 204803
List the prime factors of 89626474.
2, 7, 6401891
What are the prime factors of 803346951?
3, 11, 17, 29, 67
What are the prime factors of 147078131?
137, 1073563
List the prime factors of 8192233.
7, 199, 5881
What are the prime factors of 53346164?
2, 31, 281, 1531
List the prime factors of 69270582.
2, 3, 71, 113, 1439
What are the prime factors of 1129735972?
2, 19, 1657, 8971
List the prime factors of 8094691360.
2, 5, 7, 7227403
What are the prime factors of 1064963641?
7, 23, 113, 58537
What are the prime factors of 760771550?
2, 5, 7, 11, 28229
What are the prime factors of 38466561?
3, 7, 1831741
What are the prime factors of 1602638548?
2, 7, 337, 169843
List the prime factors of 253889579.
253889579
List the prime factors of 807639800.
2, 5, 11, 83, 4423
What are the prime factors of 90276470?
2, 5, 67, 134741
What are the prime factors of 179479590?
2, 3, 5, 137, 43669
List the prime factors of 1474659911.
1474659911
What are the prime factors of 1637829301?
2683, 610447
What are the prime factors of 336566703?
3, 11, 19, 48799
What are the prime factors of 104096123?
3167, 32869
List the prime factors of 53375231.
7, 13, 586541
What are the prime factors of 69092921?
69092921
List the prime factors of 172868762.
2, 11, 7857671
What are the prime factors of 2755575933?
3, 11, 67, 1246303
List the prime factors of 608